divisor of 7 and h?
1
Let y(s) = -87*s**2 + 7*s - 6. Let a(d) = -173*d**2 + 15*d - 13. Let x(v) = 4*a(v) - 9*y(v). Let j be x(1). Calculate the greatest common divisor of j and 36.
18
Let j be 15*2/7*-7. Let s = -10 - j. Calculate the greatest common divisor of 8 and s.
4
Let r = 0 + 3. Let k(j) = 0*j + 4*j + 0 + r. Let b be k(3). What is the greatest common divisor of b and 45?
15
Suppose -462 = -r - 2*r. Suppose 0*s + r = s. Calculate the greatest common divisor of 14 and s.
14
Let m = -21 - -29. Let q be 12/16 - (-546)/m. Calculate the greatest common factor of q and 23.
23
Let d = 25 + -20. Suppose 144 = 4*y + g + g, 132 = 4*y - 4*g. Calculate the highest common divisor of y and d.
5
Let g be (-4)/(-10) + (-3)/(-5). Calculate the greatest common factor of 9 and g.
1
Let w = 52 + -29. Calculate the greatest common factor of w and 253.
23
Let q be (-3)/1*(12 - 5). Let z = q + 39. Calculate the greatest common divisor of 6 and z.
6
Let y(c) = c**3 - 11*c**2 - 12*c + 8. Let d be y(12). Suppose g - 21 = o - 3, 4 = -2*o. What is the greatest common factor of g and d?
8
Let a be -2*(-3)/2 - 0. Let u be (-1)/((-10)/4 - -2). Suppose 0 = a*t + u*t - 60. Calculate the highest common factor of t and 48.
12
Suppose 0 = 5*x - 5*a - 35, 3*a + 16 = 3*x - a. Let r(q) = -q**2 - q + 24. Let d be r(0). Calculate the greatest common factor of d and x.
12
Let s be 6/(-9)*(-450)/2. Suppose -s = -q - 2*q. Calculate the highest common divisor of q and 10.
10
Let i be -4 + 1 + (13 - 5). Suppose 0 = -i*c - y + 153 - 59, -5*c + 2*y + 82 = 0. What is the highest common factor of c and 6?
6
Let l = -24 - -51. What is the greatest common divisor of 81 and l?
27
Let t(g) = 5*g. Let j be t(4). Suppose -2*o + 37 = -5*i, 5*o - 2*i + 5*i - 15 = 0. Let n be (-3)/o - (-61)/2. What is the greatest common factor of j and n?
10
Suppose 3*g = -4*y + 269, -2*g + 3*y + 182 = 5*y. Let f(o) = -3*o**3 - 3*o**2 - 3*o + 1. Let r be f(-2). Calculate the highest common factor of r and g.
19
Let q be (2 + -3)*10/(-2). What is the highest common factor of 5 and q?
5
Let m(o) = o**2 - 3*o + 2. Let k be m(2). Let y = -29 - -19. Let d = k - y. What is the highest common divisor of 10 and d?
10
Suppose 0 = 2*v + 3 + 7. Let z(x) = -2*x + 2. Let m be z(v). Let l(f) = -f - 13. Let y be l(-37). Calculate the greatest common factor of m and y.
12
Suppose -21 - 39 = -b. Calculate the highest common factor of 150 and b.
30
Suppose r = -2*b - 0*r + 49, -4*b - 3*r + 97 = 0. Suppose -30 = -3*c - 5*z, c - 10 = -0*z - z. What is the greatest common divisor of c and b?
5
Suppose -2*o - o - 3 = 0. Let c be 4 + o - (2 + -1). Suppose -42 = -5*p - q, c*p + 4*q + 0 = 6. Calculate the highest common divisor of p and 81.
9
Suppose 3*f = 4*f - 9. Suppose o - 2 = f. Let p = -13 - -24. Calculate the greatest common divisor of p and o.
11
Let g(j) = j**2 + 16*j + 34. Let r be g(-14). What is the greatest common divisor of 3 and r?
3
Suppose -47*d = -48*d + 275. Calculate the highest common factor of 25 and d.
25
Let t be (-89)/(-7) - 8/(-28). Let y be (3 - -153)*(-4)/(-6). Calculate the highest common divisor of y and t.
13
Let f = -70 - -96. Suppose -h = 14 - 79. Calculate the highest common factor of h and f.
13
Let f be (2/4)/(2/76). What is the greatest common factor of f and 171?
19
Let h be 285/2*(11/3 + -3). What is the highest common factor of 19 and h?
19
Let n(w) = w - 1. Let g(f) = f - 10. Let d(y) = -g(y) + 2*n(y). Let k be d(-6). Suppose -11*z + 7*z + 64 = 0. What is the highest common factor of z and k?
2
Let c(l) = l - 10. Suppose 5*i - 79 = p, 15 + 44 = 4*i - 5*p. Let w be c(i). Calculate the highest common divisor of w and 6.
6
Let n be 24/3 - (4 + -5). Calculate the greatest common factor of 6 and n.
3
Let s be (-1)/7 + (-16)/(-14). Calculate the greatest common factor of 1 and s.
1
Let p be 52/6 + (-2)/3. Let b = 99 + -91. What is the greatest common factor of b and p?
8
Suppose 3*k - 2 - 19 = 0. Let p be (-30)/4*(-4)/6. Let b be (33 - p) + (0 - 0). What is the greatest common factor of k and b?
7
Let v be ((-351)/(-26))/(1/4). What is the greatest common divisor of v and 6?
6
Let u be (-10*2)/(0 + -1). Let y = 9 + -4. What is the highest common factor of u and y?
5
Let h be 8/3 + 8/6. Let d(s) = s**3 - 4*s**2 + 2*s + 5. Let t be d(h). Calculate the greatest common divisor of t and 143.
13
Suppose -28 = 4*n - 6*n. Calculate the greatest common factor of 2 and n.
2
Suppose 5*o - 111 = 2*l, 0 = -3*o + 3*l + l + 61. What is the highest common factor of 253 and o?
23
Let l(g) = 4*g**2 + g. Let z be l(2). What is the greatest common factor of 180 and z?
18
Let m = 44 + -7. Suppose 3*r - 5*c + 3*c - m = 0, 17 = 3*r + 2*c. Calculate the greatest common divisor of 1 and r.
1
Let h be 62/3 + 14/(-21). What is the highest common divisor of h and 8?
4
Let f be 4 + 1/(3/333). Calculate the highest common divisor of f and 23.
23
Let w(f) = -f**3 - 2*f**2 + 4*f + 3. Let z be w(-3). Suppose z*t = -j + t + 36, 3*t = -j + 48. Calculate the highest common divisor of j and 13.
13
Let h be 3*(2 - (-6)/(-9)). Let v(m) = 2*m**2 - 6*m. Let w be v(h). What is the highest common factor of w and 24?
8
Suppose 2 - 11 = -x - 3*a, -2*a + 6 = 5*x. Suppose x*i + 462 = 3*i. Calculate the highest common divisor of i and 22.
22
Suppose 0 = 2*u + 4*h - 136, -u + 288 = 4*u - 3*h. Let w = 2 + 66. Suppose 0*p - i + 26 = p, w = 3*p - 2*i. What is the greatest common divisor of u and p?
12
Let c(h) = 2*h**2 - h - 1. Let w be c(-5). Let o be 6/21 - w/(-7). Suppose 0*v - 2*v = -4*z - 20, -3*v + 39 = 3*z. What is the highest common factor of v and o?
4
Suppose 0*a = -5*p - 3*a + 70, -2*a = -2*p + 28. Let q be -3 - -4 - (0 + 1). Suppose 3*t - 175 - 119 = q. What is the greatest common factor of p and t?
14
Let y be (-2)/6 + (-17)/3. Let r = 22 + y. Calculate the greatest common divisor of 24 and r.
8
Let w be (-2 + 0)*22/(-11). Calculate the greatest common factor of w and 1.
1
Let p(m) = m. Let x be p(1). Let o be x/(-4 + (-197)/(-49)). What is the greatest common factor of o and 7?
7
Let u(y) = -2*y - 4. Let l be u(6). Let w = l - -79. What is the highest common divisor of 9 and w?
9
Suppose 5*u + 4*x + 0*x = 57, -5*u = -5*x - 75. Let v(y) = 26*y**3 + y**2 - y. Let a be v(1). Let i = a + 0. What is the highest common factor of i and u?
13
Suppose 5*s - 384 = 2*d + 48, -5*d + 20 = 0. Calculate the highest common factor of s and 11.
11
Let c be 8/28 - (-3630)/35. Calculate the highest common factor of c and 39.
13
Suppose 0 = 2*s + 3 + 3. Let n be 624/(-18)*s/2. Calculate the highest common divisor of 13 and n.
13
Let n be 405/10 + 1/(-2). Suppose -i + 4*s = 4*i - 29, -n = -4*i - s. Suppose 0*q + 5*q - 45 = 0. What is the greatest common factor of i and q?
9
Let n = 37 + -19. Let g be (8 + -9)/((-1)/2). What is the greatest common divisor of g and n?
2
Suppose -5*l = 4*i, 8*i - l = 3*i. Let k be 2/2 + 83 + i. Let m = 7 - -5. What is the highest common divisor of k and m?
12
Let l be 2*-1*15/(-10). Suppose -5*s + l*s = 3*v - 7, 3*v + 5*s - 4 = 0. Let i be 7/v - 2/(-3). Calculate the highest common factor of 3 and i.
3
Suppose 4*b + 0*v + v - 27 = 0, -5 = -b - 2*v. What is the greatest common divisor of b and 119?
7
Let w(v) = 2*v**3 - 3*v**2 + v - 2. Let g be w(2). Let u be 3/(-6)*g/(-2). Let b be (-4)/(-14) + (-20)/(-28). Calculate the greatest common divisor of u and b.
1
Let t(w) = 2*w - 8. Suppose -4 = -j + 4. Let u be t(j). Suppose 4*k - 59 = 37. What is the greatest common factor of u and k?
8
Let l = -2 - 2. Let h be 2/4*(6 + l). What is the highest common factor of h and 5?
1
Suppose -4*g + 534 = -2*c, -2*g + 2*c + 252 = -2*c. Let f be 16/(-12)*(25 + -1). Let l = 49 + f. What is the greatest common factor of l and g?
17
Let t(z) be the third derivative of -z**4/4 - 3*z**2. Let j be t(-5). What is the greatest common divisor of 20 and j?
10
Suppose 4*w + 5*w = 9. Calculate the highest common factor of w and 45.
1
Suppose -5*a = -25 - 25. Calculate the greatest common factor of a and 80.
10
Suppose -17*n = -13*n - 12. What is the greatest common divisor of n and 27?
3
Let s = -19 + 35. Suppose 2*z + 43 = 4*n - 25, n - z = s. What is the highest common divisor of 162 and n?
18
Let l(r) = -1 + 54*r - 7*r + 2. Suppose -3 = -k - 6, k - 2